and 7456.
32
What is the greatest common factor of 32 and 536?
8
What is the greatest common factor of 47614 and 7?
7
What is the greatest common factor of 858 and 650?
26
What is the greatest common factor of 42 and 384?
6
What is the greatest common divisor of 564 and 24?
12
What is the highest common divisor of 434 and 124?
62
Calculate the greatest common divisor of 16 and 104.
8
What is the highest common divisor of 8559 and 27?
27
What is the greatest common divisor of 56 and 72?
8
What is the highest common factor of 8 and 1828?
4
What is the greatest common factor of 1281 and 84?
21
What is the highest common factor of 12 and 6?
6
Calculate the greatest common divisor of 8 and 1384.
8
What is the greatest common factor of 7 and 1568?
7
Calculate the highest common factor of 16 and 7944.
8
Calculate the highest common divisor of 2 and 386.
2
Calculate the greatest common factor of 988 and 52.
52
Calculate the greatest common divisor of 4141 and 287.
41
What is the highest common factor of 456 and 57?
57
What is the highest common divisor of 3542 and 462?
154
What is the highest common divisor of 663 and 1581?
51
Calculate the highest common divisor of 322 and 70.
14
What is the highest common factor of 2136 and 120?
24
What is the greatest common divisor of 88 and 1474?
22
What is the greatest common divisor of 183 and 244?
61
Calculate the greatest common divisor of 420 and 63.
21
What is the greatest common divisor of 672 and 752?
16
What is the greatest common factor of 106 and 1007?
53
What is the highest common divisor of 75 and 1725?
75
Calculate the highest common divisor of 19123 and 52.
13
Calculate the highest common divisor of 164 and 14801.
41
What is the highest common factor of 25384 and 304?
152
What is the highest common divisor of 41803 and 34?
17
What is the greatest common divisor of 3472 and 112?
112
What is the greatest common factor of 418 and 22?
22
Calculate the highest common divisor of 120 and 1280.
40
Calculate the greatest common factor of 95 and 16910.
95
Calculate the greatest common divisor of 220 and 1628.
44
What is the greatest common factor of 7317 and 27?
27
What is the greatest common factor of 112 and 56?
56
What is the highest common factor of 11206 and 26?
26
What is the greatest common factor of 300 and 660?
60
What is the greatest common divisor of 40 and 30?
10
What is the highest common divisor of 4498 and 104?
26
Calculate the greatest common divisor of 48 and 2424.
24
Calculate the greatest common divisor of 66 and 561.
33
What is the greatest common factor of 576 and 9?
9
Calculate the greatest common factor of 9 and 144.
9
What is the greatest common divisor of 2670 and 30?
30
Calculate the highest common divisor of 440 and 55.
55
What is the greatest common factor of 50 and 2475?
25
Calculate the highest common factor of 196 and 441.
49
Calculate the greatest common factor of 10 and 5.
5
What is the highest common divisor of 51 and 18513?
51
Calculate the highest common divisor of 129 and 817.
43
What is the greatest common factor of 139 and 2780?
139
Calculate the greatest common divisor of 17 and 17.
17
What is the greatest common divisor of 2160 and 1161?
27
What is the greatest common factor of 62 and 2201?
31
Calculate the greatest common divisor of 79 and 4819.
79
What is the highest common factor of 2712 and 15?
3
What is the highest common divisor of 4355 and 13?
13
What is the greatest common divisor of 84 and 156?
12
What is the greatest common factor of 1824 and 57?
57
What is the highest common factor of 196 and 441?
49
Calculate the highest common divisor of 50 and 425.
25
Calculate the greatest common divisor of 72 and 224.
8
What is the greatest common divisor of 38678 and 166?
166
What is the highest common divisor of 1020 and 42?
6
Calculate the highest common factor of 559 and 1591.
43
What is the highest common divisor of 10507 and 133?
133
What is the greatest common factor of 888 and 185?
37
What is the highest common divisor of 12 and 304?
4
What is the highest common divisor of 84 and 58926?
42
What is the greatest common factor of 26037 and 495?
99
Calculate the greatest common factor of 97 and 22213.
97
What is the highest common divisor of 26 and 104?
26
What is the highest common divisor of 64 and 2704?
16
Calculate the highest common factor of 63 and 175.
7
What is the highest common divisor of 96 and 6?
6
Calculate the greatest common factor of 360 and 45.
45
What is the highest common factor of 115 and 5?
5
Calculate the highest common divisor of 2737 and 986.
17
What is the greatest common divisor of 200 and 900?
100
What is the greatest common factor of 28 and 15134?
14
Calculate the highest common divisor of 55 and 760.
5
Calculate the highest common factor of 24 and 712.
8
Calculate the highest common factor of 1558 and 114.
38
What is the highest common divisor of 2379 and 122?
61
What is the highest common divisor of 8 and 128?
8
What is the greatest common factor of 52 and 1339?
13
What is the greatest common divisor of 125 and 75?
25
What is the highest common factor of 66 and 528?
66
Calculate the highest common factor of 3300 and 6.
6
What is the greatest common factor of 14268 and 369?
123
Calculate the greatest common divisor of 75 and 3405.
15
What is the greatest common divisor of 1520 and 240?
80
Calculate the greatest common factor of 5141 and 776.
97
What is the greatest common divisor of 9252 and 144?
36
What is the greatest common factor of 10 and 370?
10
What is the highest common divisor of 51 and 21?
3
Calculate the greatest common factor of 1615 and 10.
5
Calculate the highest common divisor of 1490 and 10.
10
Calculate the greatest common factor of 5811 and 298.
149
Calculate the greatest common factor of 52 and 13.
13
What is the greatest common divisor of 1221 and 33?
33
Calculate the highest common divisor of 5805 and 315.
45
What is the highest common factor of 8 and 8?
8
What is the highest common factor of 3159 and 78?
39
Calculate the highest common divisor of 3377 and 11.
11
Calculate the highest common divisor of 2272 and 2201.
71
Calculate the highest common divisor of 22 and 1738.
22
Calculate the highest common divisor of 129 and 215.
43
What is the highest common factor of 957 and 2?
1
What is the greatest common factor of 114 and 3078?
114
What is the highest common factor of 259 and 111?
37
Calculate the highest common divisor of 21 and 42.
21
Calculate the greatest common factor of 1260 and 36.
36
What is the greatest common divisor of 176 and 220?
44
Calculate the highest common factor of 10 and 35.
5
Calculate the highest common factor of 2278 and 134.
134
Calculate the greatest common factor of 13 and 325.
13
What is the greatest common factor of 616 and 35?
7
What is the greatest common divisor of 441 and 9?
9
Calculate the highest common divisor of 80 and 50.
10
Calculate the highest common factor of 5 and 92.
1
What is the highest common factor of 15 and 92955?
15
What is the greatest common factor of 75 and 275?
25
Calculate the highest common divisor of 12 and 17244.
12
Calculate the greatest common divisor of 767 and 295.
59
What is the greatest common factor of 176 and 3322?
22
What is the highest common divisor of 4524 and 8?
4
Calculate the highest common factor of 20 and 320.
20
Calculate the greatest common divisor of 15 and 15.
15
Calculate the highest common divisor of 224 and 616.
56
What is the greatest common factor of 23 and 6555?
23
What is the greatest common factor of 2494 and 116?
58
Calculate the greatest common divisor of 80 and 32.
16
What is the greatest common divisor of 19 and 109?
1
Calculate the highest common factor of 765 and 17.
17
What is the highest common factor of 27 and 4968?
27
Calculate the greatest common factor of 2022 and 18.
6
What is the greatest common divisor of 352 and 22?
22
What is the greatest common factor of 28 and 1232?
28
Calculate the highest common factor of 713 and 93.
31
Calculate the highest common divisor of 2067 and 39.
39
What is the greatest common divisor of 135 and 60?
15
What is the greatest common divisor of 6 and 266?
2
What is the greatest common factor of 5 and 335?
5
Calculate the highest common divisor of 24 and 42.
6
What is the greatest co